 of l?
2
What is the units digit of (3 + -1 + -181)*(-5)/5?
9
Suppose 0 = v + 3*v - 8, 3*l - 2*v = -463. Let z = 88 + l. Let m = z - -94. What is the tens digit of m?
2
Let z(o) = -o**3 + 6*o**2 + 2*o + 20. Let p(b) = b**2 + 27*b + 56. Let i be p(-25). What is the units digit of z(i)?
2
Let b = -31 + 29. Let p(i) = 5*i**2 + 5. Let t be p(b). Suppose 0 = 4*w + t - 257. What is the tens digit of w?
5
Suppose 16926 = -392*r + 399*r. What is the units digit of r?
8
Suppose 583*t - 592*t = -15894. What is the thousands digit of t?
1
Let s(k) = k**3 + 7*k**2 - 10*k - 13. Let m be s(-8). Suppose 0 = -5*u - m*n + 591, -2*n = -2*u + 149 + 81. What is the hundreds digit of u?
1
Suppose 0 = 4*m - 5*m - 4, -2*m = 3*h + 1709. Let a = -363 - h. What is the hundreds digit of a?
2
Suppose 5*m + 1 + 4 = 0. Let i be (m + 1)/(-1 + 2). Let q = 8 - i. What is the units digit of q?
8
Let u(v) = v**3 + 2*v - 71. Let q be u(0). Let h = 124 + q. What is the tens digit of h?
5
Let q be (-2 - (-71)/4)*(-8)/(-3). Let y = q - 17. What is the units digit of y?
5
What is the tens digit of -3 + 309/(-12)*-4?
0
Let l(u) = 7*u**3 - u**2. Let w be l(1). Suppose w*c - 50 = -2. What is the units digit of c?
8
Suppose -2*u + 0*u = 0. Suppose u = 2*d - 1 - 59. What is the units digit of d?
0
Let m be (-4)/(-22) + (-784)/(-44). Let s = m + -8. What is the units digit of s?
0
Let f(c) = 3*c**2 - 10*c + 11. Let d be 1000/24 - 2/(-6). Let h = -36 + d. What is the units digit of f(h)?
9
Suppose -7*v + 10*v + 3 = 0. What is the hundreds digit of (6/4)/(v/2) + 153?
1
What is the hundreds digit of (1*-97)/(5 + (-608)/120)?
4
Suppose -2 + 0 = -a. Let p be (a/(-4))/((-1)/(-44)). Let b = p + 33. What is the tens digit of b?
1
Suppose 2840 + 2872 = 4*w. Suppose 0 = -2*y + 16*y - w. What is the units digit of y?
2
Suppose 0 = 2*o + 4*t - 4 - 8, -t = 4*o - 17. Suppose -2*i - o*h = -420, 9*i - 2*h - 630 = 6*i. What is the units digit of i?
0
Let b(i) be the second derivative of -i**4/12 - 17*i**3/6 + 9*i**2 + 11*i. What is the tens digit of b(-16)?
3
Suppose -v - 2*v + 1115 = 5*z, -5*z + 1115 = -2*v. Suppose -5*s = -417 - z. What is the tens digit of s?
2
Let k be (-8)/(-36) - (465/27)/1. Let n = 6 - 7. What is the units digit of n/(-1 + (-16)/k)?
7
Let b(g) = 64*g - 5. Let t be b(2). Let x = t - 52. What is the tens digit of x?
7
Let h(z) = z + 22. Let y(o) = -4*o - 43. Let c(b) = -5*b - 42. Let t(i) = 2*c(i) - 3*y(i). Let d(a) = -5*h(a) + 3*t(a). What is the units digit of d(-17)?
8
Suppose -3*z + 30 = 12. Let g = z + -11. Let b = 8 - g. What is the units digit of b?
3
Suppose 3*i + 78 = 6*i. Suppose -9 + i = 5*y - 2*z, -5*y + 3*z = -18. What is the units digit of y?
3
Let a(m) = -38*m + 11. Let l be a(-9). Suppose 291 + l = 7*d. What is the tens digit of d?
9
Let x(a) = -5*a - 17. Let h be x(-3). What is the units digit of h - 1 - 0 - (-261)/3?
4
Let h = 201 - -311. What is the tens digit of h?
1
Suppose 0 = 4*m + 16 - 36. What is the units digit of m?
5
Let j(w) = -w**2 + 4*w + 7. Let p be j(4). Let m = p + -2. Suppose z = -4 + m, -5*z = -2*q + 55. What is the units digit of q?
0
Suppose 0*f - f + 5 = 0. Suppose 144 = 3*q + f*i, -5*q = 8*i - 4*i - 253. What is the units digit of q?
3
Let p(k) = 3*k + 33. Let t be p(0). Suppose -t = -r + 40. What is the tens digit of r?
7
Let a(t) = -2*t**3 - 9*t**2 - 2*t + 2. Let p be a(-6). Suppose -x + p = x. Let w = 127 - x. What is the units digit of w?
6
Suppose 4*a = 2*f + 1064, -5*f = -10*f - 20. What is the units digit of a?
4
Let b be (-1)/(((-15)/6)/5). Suppose 9 + 15 = b*f. What is the units digit of f?
2
Let a be (-18)/2*(-4 - -6 - 4). Suppose -460 = a*g - 22*g. What is the units digit of g?
5
Let c(k) = 7*k**2 - 47*k + 34. What is the thousands digit of c(-21)?
4
Let n(w) = -w**3 + 9*w**2 + 3*w. Let s(k) = -k**2 + 11*k - 8. Let a be s(8). Let x = 25 - a. What is the tens digit of n(x)?
2
Let d(r) = 293*r + 165. What is the units digit of d(12)?
1
Suppose 2*f = -0 + 4. Suppose 32 = -f*c - 0*c. What is the units digit of c/24 - (-35)/3?
1
Let z = 1281 + -837. What is the tens digit of z?
4
Let d = -55 + 2. Let x = d - -113. Suppose 5*k - 90 = -5*j - 5, -4*j + x = 2*k. What is the tens digit of j?
1
Let s be -1 + (94 - -4 - 4). Let o = s + -61. What is the units digit of o?
2
Suppose 0 = 3*a + 3*t - 834, 4*t + 786 = 5*a - 622. Suppose -3*s - 5*l = 7, 5*s + 6*l = 3*l + 15. What is the units digit of a/s - (-4)/3?
8
Let w = 14 + -17. Let b(r) = -2*r + 1. Let m be b(w). Suppose -m*j + 6 = -8. What is the units digit of j?
2
Let l be 1 + (-1 - 0)*1. Suppose l = -10*y + 5*y + 500. What is the hundreds digit of y?
1
Let w(k) = -217*k + 24. What is the tens digit of w(-3)?
7
Let z(h) = h + 6. Let j be z(-3). Suppose -5 = l - j*b, 2*l + 0*b = -b - 38. Let y = -5 - l. What is the units digit of y?
2
Suppose 6 - 4 = c. Let i(z) = -5 - 33*z - 25*z + 6*z**c + 66*z. What is the units digit of i(-4)?
9
Suppose 4*h + 0*h = 3*k - 9, -h - k = -3. Suppose h = -5*i - 13 + 143. Suppose -i = -l - 1. What is the tens digit of l?
2
Suppose -2*o + 9274 = -28*b + 24*b, -o + 4637 = 2*b. What is the hundreds digit of o?
6
Suppose 6*u - 14 - 4 = 0. Suppose 102 - 978 = -u*g. What is the units digit of g?
2
Let r(a) = 30*a**2 + a - 34. What is the hundreds digit of r(-6)?
0
Suppose -5 = 5*r, 2*r - 4*r = 5*u - 313. Suppose -2*h + 161 = u. What is the units digit of h?
9
Let d = 28 - 24. Let q be 1/(-1 + 2/d). What is the tens digit of (q + 5)/((-3)/(-38))?
3
Suppose 0 = -11*b - 2*b + 819. Suppose -59*p + b*p - 908 = 0. What is the hundreds digit of p?
2
Let g(n) = -n**3 - 4*n**2 + 3*n - 6. Let k be g(-5). Suppose 0 = -2*o, 5*v + 0*o + k*o = 90. Suppose 0 = -2*b + 5*b - v. What is the units digit of b?
6
What is the thousands digit of (336/10)/(13 - 778/60)?
1
Let s = 1184 + -224. What is the hundreds digit of s?
9
What is the hundreds digit of (102/(-10))/((-19)/2565)?
3
Let u = -27 + 44. Let s = u + 85. What is the tens digit of s?
0
Suppose n = -5*n + 3420. What is the tens digit of n?
7
Let k = -505 - -598. What is the units digit of k?
3
Let c(s) be the second derivative of -s**4/12 + 29*s**3/6 + 24*s**2 + 21*s. What is the hundreds digit of c(22)?
2
Suppose -4*s + 0*c = 3*c - 11241, -s + 2*c = -2824. What is the thousands digit of s?
2
Let a(d) = 413*d**2 + 18*d + 8. What is the tens digit of a(-2)?
2
Let d(w) = -w**2 + 5*w + 4. Let n be d(5). Suppose 0 = -n*q - 2*q + 486. What is the tens digit of q?
8
Let p(a) = a**3 + 5*a**2 + 6. Let g be p(-5). Suppose -5*j + g + 8 = -2*k, 4 = j - k. What is the units digit of j?
2
Suppose -48 = -w - 3*w. Let t(d) = d**2 - 6*d. What is the units digit of t(w)?
2
What is the units digit of (33/(-2))/(1/180*-6)?
5
Let t(a) = 2*a**2 - 8*a - 2. Let x(j) = 3*j**2 - 7*j - 3. Let p(b) = -4*t(b) + 3*x(b). What is the tens digit of p(-12)?
1
Let p be 4/(-6)*99/(-22). Suppose p*c = 8*c. Suppose c = -4*k - 5*b, 0 = 5*k + 2*b - 18 + 1. What is the units digit of k?
5
Let u = -615 - -1317. What is the hundreds digit of u?
7
Let q(y) = 50*y**2 + y + 54. What is the tens digit of q(-6)?
4
Let a = -700 + 450. Let s = -175 - a. What is the units digit of s?
5
Let d = 2533 + -1316. What is the units digit of d?
7
Let v = -153 - -373. What is the units digit of v?
0
Let x(n) be the first derivative of n**2 - 3*n + 4. Let l be x(2). What is the units digit of 0/l + -2 - -3?
1
Let o(y) = 52*y**2 - 7*y + 6. Let n be o(3). Suppose 173 = -8*u + n. What is the tens digit of u?
3
Let b = 573 - 84. Suppose o - 388 = -2*o + 2*c, -4*o + b = 3*c. What is the tens digit of o?
2
Suppose m = 3*m + 4*z - 22, 5*m - 22 = z. Suppose 0 = m*b + 86 - 1101. What is the units digit of b?
3
What is the hundreds digit of 541/((10/(-45))/(6/(-27)))?
5
Let i be 8/(-16) - 7/(-2). Suppose -2*q + 3*f + 4 = -12, -26 = -i*q + 5*f. Suppose -2*y + 2*w + 84 = -q*w, 3*y - 5*w - 122 = 0. What is the tens digit of y?
3
Let q(h) = -6*h**2 + 17*h + 18. Let g(i) = 7*i**2 - 17*i - 18. Let f(u) = 5*g(u) + 6*q(u). What is the tens digit of f(12)?
7
Let l(o) = -o**2 + 7*o + 9. Let d be l(4). Let a = 41 + d. What is the tens digit of a?
6
Let r(u) = u + 20. Suppose -2*i - 1 = 5, 4*i + 12 = -f. Let s be r(f). What is the units digit of (s + 3)*(4 - 3)?
3
Let c = -117 + 354. Suppose 3*i + 5*u = c, 